w(b) = -u(b) - 2*z(b). Let o be w(6). Calculate the highest common factor of o and 95.
5
Suppose 22*l - 1148 = 3010. Suppose 0 = -3*f - 5*h + l - 3, 0 = 2*h. Calculate the highest common divisor of f and 31.
31
Let l(f) = f**3 + 94*f**2 + 147*f + 1628. Let g be l(-92). What is the highest common factor of 544 and g?
136
Suppose -108*z = -106*z - 48. Suppose -n - 1104 = -3*n. What is the highest common factor of n and z?
24
Let j = -2583 - -2721. What is the greatest common factor of j and 10902?
138
Let o be (132 - -1)*6/12*-6. Let t be (o/(-15) - -1) + 18/45. What is the greatest common factor of t and 182?
14
Let k = 456 + -82. Suppose 0 = -38*a + 879 - 233. Calculate the highest common factor of a and k.
17
Let x(p) = -p**3 + 7*p**2 - 11*p + 5. Let c be x(5). Suppose -4*q + 3*w = -2*w - 95, 5*q - 3*w - 122 = c. Calculate the highest common divisor of q and 175.
25
Let x be (2/(-7) - (-154)/(-147))*-15*3. Calculate the highest common factor of 8370 and x.
30
Suppose -22 = s + 3*o - 28, 0 = -s + 4*o + 6. Suppose -j - 50 = -s*j. What is the highest common factor of 290 and j?
10
Suppose -6*f = -90 - 66. Suppose 5*i + f = 66. Let h(b) = -b**3 + 8*b**2 + 4*b + 18. Let o be h(i). What is the greatest common divisor of o and 20?
10
Let y(v) = -40*v**3 + 3*v + 3. Let l be y(-2). Let b = -251 + l. Calculate the greatest common divisor of 12 and b.
6
Suppose 3*k - 95 + 80 = 0. Suppose -2 = -k*r + 3*a, 3*a = -r + 5*a - 1. Suppose 3*n = -0*n + 3. Calculate the highest common divisor of n and r.
1
Suppose 0 = -2*s + 104 - 108. Let c be ((-6)/s)/3*(37 - 9). Calculate the highest common divisor of c and 12.
4
Suppose -12*s + 129 - 130 = -409. Let j = 841 - 484. What is the greatest common divisor of s and j?
17
Suppose -451 + 133 = -6*i. Let d = 71 - i. Calculate the greatest common factor of d and 99.
9
Suppose 267405 + 480882 = 183*m. Calculate the highest common divisor of 705 and m.
141
Suppose -y - 55 = -105. Suppose 4*k = 105 - 13. Suppose k*t + 50 = 25*t. Calculate the greatest common factor of t and y.
25
Let d be 17874/13 - 22/(-286). Calculate the highest common factor of 1000 and d.
125
Suppose -2*a = -2*h + 6, -2*a - 6*h = -5*h + 9. Let n be (108/90)/(a/(-110)). Calculate the highest common divisor of 264 and n.
33
Let k be 4/(-12) + 498/9. Let j(a) = a + 19. Let s be j(3). Calculate the greatest common divisor of k and s.
11
Let q = 65 - -59. Let n be 273/(-2)*q/(-93). Calculate the highest common divisor of 13 and n.
13
Suppose 0 = 2*l + 2*l - 4*u - 40, -2*l + 19 = -u. Suppose 55*w = 64*w - 648. What is the greatest common divisor of l and w?
9
Suppose -4*c + 1152 = 3*r, 4*r + 3*c - 871 = 651. Calculate the highest common divisor of r and 5828.
188
Let m(r) = -47*r + 12. Let x be (-28)/7 - (1 + 1 + -3). Let w be m(x). Suppose w = -4*t + 593. Calculate the highest common factor of t and 10.
10
Suppose -35*k + 10*k + 125 = 0. Let c be (10/(-15))/((-2)/(-33)). Let o(q) = -q**2 - 16*q - 10. Let n be o(c). What is the greatest common divisor of n and k?
5
Suppose -3*d = -6*d + 66. Let g = 60 - d. Suppose 0 = -4*y + 176 + 52. Calculate the greatest common divisor of g and y.
19
Let l = 17 - 2. Let z(a) = -a**2 + 21*a - 8. Let t be z(l). Suppose -2*s = -4*i + t - 22, 4*s = -2*i + 40. What is the highest common factor of i and 64?
16
Suppose 4*r - 32 = 0, -16*y + 17*y - 17615 = -5*r. Calculate the greatest common factor of y and 25.
25
Let b(t) be the second derivative of 25*t**3/6 + 2*t**2 + 140*t. Let y be (-3 + 1)/((-2)/1). Let z be b(y). What is the highest common factor of z and 29?
29
Let z(d) = -2*d + 20. Let t be z(-14). Let l = 2808 - 2799. Calculate the greatest common divisor of t and l.
3
Suppose -4*v - p + 924 = 0, -15*v + 13*v + 3*p = -448. Let z = -207 + v. Let l be (2/4)/((-1)/(-322)). What is the highest common divisor of z and l?
23
Let l(u) = -9 + u**3 + 2*u + 5*u + 10*u**2 + 0*u. Let f be l(-9). Let m = -17139 + 17202. What is the highest common divisor of f and m?
9
Let r be ((-2620)/70 - -10)/(4/(-42)). What is the greatest common divisor of 32544 and r?
288
Let d(m) = -m**2 + 6*m + 8. Let y be d(6). Let i(a) = a - 7. Let u be i(6). Let l be 384/6 + (-1 - u). Calculate the highest common divisor of y and l.
8
Let v be (2/(-6))/((-3)/2223). Suppose -5*x = -u - 476, 0*x = 2*x - 3*u - 193. Let m be x*8/60*3/2. What is the highest common factor of m and v?
19
Let n = 6858 - 6696. Calculate the greatest common factor of n and 666.
18
Let r(t) = -5*t - 62. Let l = -195 - -182. Let i be r(l). What is the greatest common divisor of 21 and i?
3
Let o = -134 + 162. Suppose 0 = -5*q + 187 - 527. Let j = -61 - q. Calculate the greatest common factor of o and j.
7
Let z(d) = -d**3 - 10*d**2 - 29*d - 4. Let q be z(-5). Calculate the highest common factor of 24864 and q.
16
Let t = -4875 - -4881. What is the greatest common divisor of t and 42?
6
Let f be 20 + (-10 - 1) + 9. Calculate the highest common divisor of f and 1359.
9
Suppose -149*z + 145*z = 124. Let y be -1*(z - (20/5 - 2)). Calculate the greatest common factor of 11 and y.
11
Suppose 128498 = -377*m + 323*m + 369986. What is the greatest common factor of m and 104?
104
Let x(j) = -3*j**3 - 27*j**2 - 31*j - 38. Let i be x(-8). What is the greatest common factor of 4059 and i?
9
Suppose 32*b = 268 - 12. Let w be 2 + (0 - 4) - 1*-14. What is the highest common factor of w and b?
4
Let l = 6955 + -6704. Calculate the greatest common factor of l and 753.
251
Suppose 25*r - 3*b - 216 = 21*r, 0 = 3*r + 3*b - 162. What is the greatest common divisor of 486 and r?
54
Let a(h) = -44*h + 52. Let n be a(-1). Calculate the highest common divisor of n and 21.
3
Let c = 348 - 59. Suppose 4*r + 221 - c = 0. What is the greatest common divisor of 680 and r?
17
Let a(z) = -4*z + 83. Let j be a(13). Calculate the greatest common factor of j and 17639.
31
Let y be -1 + (-52 - -3 - (6 - 3)). Let p = y + 57. Let b be (8/(-4))/(p/3)*-2. Calculate the greatest common factor of 15 and b.
3
Let y be (-107)/(-5) + 72/45 + -2. Let z be (y/14)/((-18)/(-16))*72. What is the greatest common divisor of z and 12?
12
Let r = 35649 - 35631. Calculate the highest common divisor of r and 898.
2
Let t be (-12)/(-48)*(-8)/(-2)*30. Let g be (24/(-20))/(2/(-20)*2). Suppose -j - 13 = -q, -3*j + 69 = 5*q - g*j. What is the greatest common factor of q and t?
15
Let u be -6 + (9 + 396)/(-9). Let b be (8/5)/(-3 + u/(-15)). What is the greatest common divisor of b and 112?
4
Let s = -4895 + 4934. What is the highest common divisor of s and 3549?
39
Let p = -474 + 485. Let z be -13 + p - -31*3. What is the highest common divisor of z and 91?
91
Let s be 810/1134 + 1306/14 - (0 + 3). Calculate the highest common factor of s and 299.
13
Let w(p) = p**2 + 7*p + 15. Let a be w(-7). Let l(o) = -35*o + 10. Let b be l(-7). What is the highest common divisor of a and b?
15
Suppose 5*b - 2*f - 43 = 0, b - 4*f = -4*b + 41. Suppose -180 = -b*r - r. Calculate the highest common factor of r and 36.
18
Let b(t) = -128*t - 3546. Let o be b(-36). What is the greatest common divisor of 288 and o?
18
Let i be (-2)/4*2 - (-34 + 31). Suppose i = -z + 3*z. Suppose -14*a - z = -99. Calculate the greatest common divisor of a and 21.
7
Let j(a) = -a**3 + 4*a**2 + 3*a - 4. Let r be j(4). Let z = -698 - -774. Calculate the highest common factor of r and z.
4
Suppose 30*g - 32*g + 134 = 4*n, 4*n = 3*g + 139. What is the greatest common divisor of n and 187?
17
Let g = -89 - -92. Suppose 2*f - 3*u - 22 = f, -170 = -5*f + g*u. Suppose 33*a + 192 = f*a. What is the greatest common divisor of 3 and a?
3
Suppose -112 = 3*c - 7*c. Let k be (-7)/(c/(-16)) - 1. Suppose -r + 12 = -k. Calculate the greatest common divisor of 165 and r.
15
Let y(v) = v**3 + 179*v**2 + 1031*v - 12. Let b be y(-6). Let t = 77 + -52. Calculate the highest common factor of b and t.
5
Let z = -278 - -641. Let h = -355 + z. What is the highest common factor of 232 and h?
8
Suppose d + 48 = -3*d. Let x = -53 - -53. Let c = x - d. What is the highest common divisor of 108 and c?
12
Let m = -1960 + 1965. Let g = -4 + 10. Suppose -n + g = 3*w - 12, -n = m*w - 26. What is the greatest common factor of n and 1?
1
Suppose 1382*d = 1403*d + 168571 - 1043263. Calculate the highest common fa